{"id":2167,"date":"2015-03-12T14:52:34","date_gmt":"2015-03-12T14:52:34","guid":{"rendered":"http:\/\/demo-content.kaliumtheme.com\/photography\/?page_id=2167"},"modified":"2019-02-27T21:40:58","modified_gmt":"2019-02-27T21:40:58","slug":"info","status":"publish","type":"page","link":"https:\/\/mediadot.at\/photography\/info\/","title":{"rendered":"Info"},"content":{"rendered":"<p>[vc_row full_width=&#8220;stretch_row_content&#8220; full_height=&#8220;yes&#8220; no_bottom_margin=&#8220;yes&#8220; css=&#8220;.vc_custom_1550434846980{background: rgba(0,0,0,0.47) url(https:\/\/mdot.at\/photography\/wp-content\/uploads\/2019\/02\/studio_mdot.jpg?id=4123) !important;background-position: center !important;background-repeat: no-repeat !important;background-size: cover !important;*background-color: rgb(0,0,0) !important;}&#8220;][vc_column width=&#8220;1\/6&#8243; reveal_effect=&#8220;&#8220;][\/vc_column][vc_column width=&#8220;2\/3&#8243; reveal_effect=&#8220;&#8220; css=&#8220;.vc_custom_1449674020182{padding-right: 50px !important;padding-left: 50px !important;}&#8220; el_class=&#8220;about-container&#8220;][vc_column_text]<\/p>\n<h1 style=\"text-align: center; letter-spacing: 2px; line-height: 30px;\"><span style=\"color: #ffffff;\">media.dot<\/span><br \/>\n<small style=\"color: #ffffff; letter-spacing: 4px; font-size: 12px;\">foto- &amp; videoproduktion<\/small><\/h1>\n<p>&nbsp;<\/p>\n<p style=\"text-align: center;\"><span style=\"color: #ffffff;\"><br \/>\nWir sind media.dot &#8211; ein Fotostudio an der Grenze zwischen Ober\u00f6sterreich, Salzburg &amp; Bayern, das sich auf Werbe &amp; Portraitfotografie spezialisiert hat.<\/span><\/p>\n<p style=\"text-align: center;\"><span style=\"color: #ffffff;\">Zu unseren Bereichen geh\u00f6ren neben Food, Architektur &amp; Produktfotografie auch K\u00fcnstler, Fashion &amp; Corporate Imagery. Als Kunden d\u00fcrfen wir unter anderem das Land Ober\u00f6sterreich, die austrianfoodbox oder KTM betreuen.<\/span><\/p>\n<p style=\"text-align: center;\"><span style=\"color: #ffffff;\">Interesse? Unser Fototeam rund um Martin M\u00fchlbacher ber\u00e4t Sie gerne zu den M\u00f6glichkeiten einer professionellen Fotoproduktion. Nat\u00fcrlich unverbindlich.<br \/>\n<\/span><\/p>\n<p>[\/vc_column_text][lab_vc_social_networks display_type=&#8220;rounded-icons&#8220; el_class=&#8220;social-networks rounded&#8220;][\/vc_column][vc_column width=&#8220;1\/6&#8243;][\/vc_column][\/vc_row]<\/p>\n","protected":false},"excerpt":{"rendered":"<p>[vc_row full_width=&#8220;stretch_row_content&#8220; full_height=&#8220;yes&#8220; no_bottom_margin=&#8220;yes&#8220; css=&#8220;.vc_custom_1550434846980{background: rgba(0,0,0,0.47) url(https:\/\/mdot.at\/photography\/wp-content\/uploads\/2019\/02\/studio_mdot.jpg?id=4123) !important;background-position: center !important;background-repeat: no-repeat !important;background-size: cover !important;*background-color: rgb(0,0,0) !important;}&#8220;][vc_column width=&#8220;1\/6&#8243; reveal_effect=&#8220;&#8220;][\/vc_column][vc_column width=&#8220;2\/3&#8243; reveal_effect=&#8220;&#8220; css=&#8220;.vc_custom_1449674020182{padding-right: 50px !important;padding-left: 50px !important;}&#8220; el_class=&#8220;about-container&#8220;][vc_column_text] media.dot foto- &amp; videoproduktion &nbsp; Wir sind media.dot &#8211; ein Fotostudio an der Grenze zwischen Ober\u00f6sterreich, Salzburg &amp; Bayern, das sich auf Werbe &amp; Portraitfotografie spezialisiert hat. Zu unseren&hellip;<\/p>\n","protected":false},"author":1,"featured_media":0,"parent":0,"menu_order":0,"comment_status":"open","ping_status":"closed","template":"","meta":{"footnotes":""},"class_list":["post-2167","page","type-page","status-publish","hentry"],"acf":[],"_links":{"self":[{"href":"https:\/\/mediadot.at\/photography\/wp-json\/wp\/v2\/pages\/2167","targetHints":{"allow":["GET"]}}],"collection":[{"href":"https:\/\/mediadot.at\/photography\/wp-json\/wp\/v2\/pages"}],"about":[{"href":"https:\/\/mediadot.at\/photography\/wp-json\/wp\/v2\/types\/page"}],"author":[{"embeddable":true,"href":"https:\/\/mediadot.at\/photography\/wp-json\/wp\/v2\/users\/1"}],"replies":[{"embeddable":true,"href":"https:\/\/mediadot.at\/photography\/wp-json\/wp\/v2\/comments?post=2167"}],"version-history":[{"count":13,"href":"https:\/\/mediadot.at\/photography\/wp-json\/wp\/v2\/pages\/2167\/revisions"}],"predecessor-version":[{"id":4263,"href":"https:\/\/mediadot.at\/photography\/wp-json\/wp\/v2\/pages\/2167\/revisions\/4263"}],"wp:attachment":[{"href":"https:\/\/mediadot.at\/photography\/wp-json\/wp\/v2\/media?parent=2167"}],"curies":[{"name":"wp","href":"https:\/\/api.w.org\/{rel}","templated":true}]}}

<p>[vc_row full_width=&#8220;stretch_row_content&#8220; full_height=&#8220;yes&#8220; no_bottom_margin=&#8220;yes&#8220; css=&#8220;.vc_custom_1550434846980{background: rgba(0,0,0,0.47) url(https://mdot.at/photography/wp-content/uploads/2019/02/studio_mdot.jpg?id=4123) !important;background-position: center !important;background-repeat: no-repeat !important;background-size: cover !important;*background-color: rgb(0,0,0) !important;}&#8220;][vc_column width=&#8220;1/6&#8243; reveal_effect=&#8220;&#8220;][/vc_column][vc_column width=&#8220;2/3&#8243; reveal_effect=&#8220;&#8220; css=&#8220;.vc_custom_1449674020182{padding-right: 50px !important;padding-left: 50px !important;}&#8220; el_class=&#8220;about-container&#8220;][vc_column_text]</p>
<h1 style="text-align: center; letter-spacing: 2px; line-height: 30px;"><span style="color: #ffffff;">media.dot</span><br />
<small style="color: #ffffff; letter-spacing: 4px; font-size: 12px;">foto- &amp; videoproduktion</small></h1>
<p>&nbsp;</p>
<p style="text-align: center;"><span style="color: #ffffff;"><br />
Wir sind media.dot &#8211; ein Fotostudio an der Grenze zwischen Oberösterreich, Salzburg &amp; Bayern, das sich auf Werbe &amp; Portraitfotografie spezialisiert hat.</span></p>
<p style="text-align: center;"><span style="color: #ffffff;">Zu unseren Bereichen gehören neben Food, Architektur &amp; Produktfotografie auch Künstler, Fashion &amp; Corporate Imagery. Als Kunden dürfen wir unter anderem das Land Oberösterreich, die austrianfoodbox oder KTM betreuen.</span></p>
<p style="text-align: center;"><span style="color: #ffffff;">Interesse? Unser Fototeam rund um Martin Mühlbacher berät Sie gerne zu den Möglichkeiten einer professionellen Fotoproduktion. Natürlich unverbindlich.<br />
</span></p>
<p>[/vc_column_text][lab_vc_social_networks display_type=&#8220;rounded-icons&#8220; el_class=&#8220;social-networks rounded&#8220;][/vc_column][vc_column width=&#8220;1/6&#8243;][/vc_column][/vc_row]</p>

<p>[vc_row full_width=&#8220;stretch_row_content&#8220; full_height=&#8220;yes&#8220; no_bottom_margin=&#8220;yes&#8220; css=&#8220;.vc_custom_1550434846980{background: rgba(0,0,0,0.47) url(https://mdot.at/photography/wp-content/uploads/2019/02/studio_mdot.jpg?id=4123) !important;background-position: center !important;background-repeat: no-repeat !important;background-size: cover !important;*background-color: rgb(0,0,0) !important;}&#8220;][vc_column width=&#8220;1/6&#8243; reveal_effect=&#8220;&#8220;][/vc_column][vc_column width=&#8220;2/3&#8243; reveal_effect=&#8220;&#8220; css=&#8220;.vc_custom_1449674020182{padding-right: 50px !important;padding-left: 50px !important;}&#8220; el_class=&#8220;about-container&#8220;][vc_column_text] media.dot foto- &amp; videoproduktion &nbsp; Wir sind media.dot &#8211; ein Fotostudio an der Grenze zwischen Oberösterreich, Salzburg &amp; Bayern, das sich auf Werbe &amp; Portraitfotografie spezialisiert hat. Zu unseren&hellip;</p>
