{"id":966,"date":"2017-11-01T09:02:09","date_gmt":"2017-11-01T09:02:09","guid":{"rendered":"http:\/\/promo-theme.com\/novo-test\/?page_id=960"},"modified":"2021-04-26T14:29:17","modified_gmt":"2021-04-26T13:29:17","slug":"fragen","status":"publish","type":"page","link":"https:\/\/mediadot.at\/studio\/fragen\/","title":{"rendered":"Fragen"},"content":{"rendered":"<p>[vc_row][vc_column][vc_custom_heading text=&#8221;Fragen?&#8221; font_container=&#8221;tag:h2|text_align:center&#8221; use_theme_fonts=&#8221;yes&#8221; decor_line=&#8221;on&#8221;][\/vc_column][\/vc_row][vc_row][vc_column][vc_hoverbox image=&#8221;2434&#8243; primary_title=&#8221;Du darfst! \u00bb&#8221; hover_title=&#8221;Bei uns w\u00e4hlst du aus.&#8221; hover_background_color=&#8221;custom&#8221; hover_custom_background=&#8221;#eaeaea&#8221;]Dir gefallen vielleicht andere Fotos besser als uns &#8211; deshalb w\u00e4hlst bei uns du deine Fotos aus.[\/vc_hoverbox][vc_separator][\/vc_column][\/vc_row][vc_row][vc_column][vc_toggle title=&#8221;Warum soll ich zum Fotografen gehen?&#8221; style=&#8221;arrow&#8221;]Mein Nachbar hat auch eine Spiegelreflexkamera und fotografiert gerne. Wieso soll ich zum Fotografen gehen?<\/p>\n<p>Weil du bei uns an \u00fcber 10 Jahren Erfahrung profitierst. Egal ob das richtige Licht, Tipps zur Haltung, neue Ideen oder &#8220;nur&#8221; der richtige Winkel.[\/vc_toggle][vc_toggle title=&#8221;Wie w\u00e4hle ich einen Fotografen aus?&#8221; style=&#8221;arrow&#8221;]Zuerst einmal sollte man sich wohlf\u00fchlen, Vertrauen haben. Dann sollte einem der Stil des Fotografen gefallen. Hier versuchen wir immer, nicht &#8220;unseren&#8221; Stil durchzusetzen, sondern auf eure W\u00fcnsche einzugehen, man merkt recht schnell was einem gef\u00e4llt, und was nicht. Und nat\u00fcrlich ist oft auch der Preis entscheidend. Als kleiner Tipp: f\u00fcr mehr Geld bekommt man meist auch mehr (z.B. Erfahrung).[\/vc_toggle][vc_toggle title=&#8221;Was macht euch als Fotograf aus?&#8221; style=&#8221;arrow&#8221;]Wir versuchen Emotionen einzufangen. Nicht gek\u00fcnstelt Spaghetti sagen, sondern an etwas Lustiges denken und dadurch wirklich lachen. Nicht &#8220;stellt euch so und so hin&#8221;, sondern fl\u00fcster ihr ein Geheimnis ins Ohr. Nicht die Kinder schimpfen &#8220;jetzt steht mal still&#8221;, sondern sie spielen lassen. Dadurch entstehen IMMER bessere Fotos als anders.[\/vc_toggle][vc_toggle title=&#8221;Wer fotografiert bei euch?&#8221; style=&#8221;arrow&#8221;]Bei uns fotografieren Andrea, Sabine, Magdalena und Martin. Auf Wunsch kann man sich nat\u00fcrlich einen Fotografen ausw\u00e4hlen, wenn dieser zum gew\u00fcnschten Zeitpunkt verf\u00fcgbar ist.[\/vc_toggle][vc_toggle title=&#8221;Wo fotografiert ihr?&#8221; style=&#8221;arrow&#8221;]Weltweit, wir lieben es zu reisen \ud83d\ude42 Nein, im Ernst &#8211; wo ihr wollt. Je nach Wegstrecke fallen nat\u00fcrlich Fahrtkosten an.[\/vc_toggle][vc_toggle title=&#8221;Habt ihr Locations, wo ihr fotografiert?&#8221; style=&#8221;arrow&#8221;]Ja nat\u00fcrlich &#8211; Schl\u00f6sser, Seen, Wege, Industriehallen&#8230; vorwiegend im Bezirk Braunau. ABER: Meistens w\u00e4hlen wir mit euch gemeinsam eine &#8220;neue&#8221; Location aus, denn mit Bezug zum Ort lebt das Foto noch mehr.[\/vc_toggle][vc_toggle title=&#8221;Womit fotografiert ihr?&#8221; style=&#8221;arrow&#8221;]Meistens mit Nikon Kameras, immer \u00f6fter ist aber auch Fuji und Sony im Einsatz. Vorwiegend verwenden wir die Z6, die a7iii, die X-T3, unsere noch immer geliebte D750, D810 und auch die Z7 mit den Nikon-Objektiven 24-70\/2,8, 70-200\/2,8, 85\/1,4, 35\/1,4, 50\/1,2&#8230; und das 14-24\/2,8.[\/vc_toggle][vc_toggle title=&#8221;Was passiert, wenn die Kamera kaputt geht?&#8221; style=&#8221;arrow&#8221;]Kein Problem &#8211; wir haben immer eine Ersatzkamera mit dabei.[\/vc_toggle][vc_toggle title=&#8221;Und was bei schlechtem Wetter oder Krankheit?&#8221; style=&#8221;arrow&#8221;]Wenn jemand von uns krank wird, \u00fcbernimmt entweder ein anderer Mitarbeiter oder wir fragen ob f\u00fcr euch ein anderer Termin ok ist. Wenn ihr krank werdet oder das Wetter gar nicht mitspielt, sagen wir den Termin einfach ab und suchen einen neuen.[\/vc_toggle][vc_toggle title=&#8221;Was ist, wenn das Shooting trotz schlechtem Wetter sein muss?&#8221; style=&#8221;arrow&#8221;]Auch das ist meist kein Problem. Man kann z.B. mit Regenschirm, Gummistiefeln &amp; Co sch\u00f6ne Fotos machen. Oder hat einen Dachvorsprung zur Verf\u00fcgung. Oder eine Stiege im Innenraum.[\/vc_toggle][vc_toggle title=&#8221;Wann ist die optimale Zeit zum Fotografieren?&#8221; style=&#8221;arrow&#8221;]In der fr\u00fch oder abends. Optimal bei leicht bew\u00f6lktem Himmel. Am sch\u00f6nsten sind Fotos bei Sonnenauf- oder untergang, welche Jahreszeit ist dabei eher egal.[\/vc_toggle][vc_toggle title=&#8221;Wann sollte man Babybauch \/ Newbornfotos machen?&#8221; style=&#8221;arrow&#8221;]Babybauchfotos sind ca. ab dem 7. Monat optimal, sollten aber auch nicht zu sp\u00e4t sein, da hier der Bauch oft nicht mehr so rund ist. F\u00fcr Newbornshootings empfehlen sich die ersten zwei Wochen nach der Geburt.[\/vc_toggle][vc_toggle title=&#8221;Was soll ich anziehen?&#8221; style=&#8221;arrow&#8221;]Was dir gef\u00e4llt. Generell gilt: Entweder einheitlich oder alle verschieden, knallige Farben sollte man aber vermeiden. Wenn z.B. drei Leute Jeans und Hemd tragen, einer Anzug und der F\u00fcnfte einen Khaki-Pullover, sieht das nicht so toll aus \ud83d\ude42 Wichtig: Keine Logos, die lenken ab. Noch ein Tipp: Handy nicht in die Hosentasche, diese beult oft aus.[\/vc_toggle][vc_toggle title=&#8221;Ist bei Babybauch \/ Boudoirshootings auf etwas zu achten?&#8221; style=&#8221;arrow&#8221;]Ja, ganz wichtig: Einige Stunden vor dem Shooting keine engen Hosen etc. tragen, da diese Druckstellen verursachen.[\/vc_toggle][vc_toggle title=&#8221;Wann bekomme ich meine Fotos?&#8221; style=&#8221;arrow&#8221;]Die unbearbeiteten in der Regel einen Tag nach dem Shooting. Die bearbeiteten erhaltet ihr je nach Auftragslage innerhalb von einigen Wochen.[\/vc_toggle][vc_toggle title=&#8221;Kann ich auch Abz\u00fcge \/ Fotob\u00fccher etc. haben?&#8221; style=&#8221;arrow&#8221;]Ja sicher, neben klassischen Fotoabz\u00fcgen auf Matt, Pearl oder Metallic bieten wir auch Leinw\u00e4nde, Fotos auf Alu, Holz und Stein, hinter Glas kaschiert, auf Fine-Art Papier etc. an. Weiters haben wir \u00fcber 500 Holzrahmen lagernd, Fotob\u00fccher sind nat\u00fcrlich auch m\u00f6glich.[\/vc_toggle][vc_toggle title=&#8221;Darf ich meine Fotos auch auf facebook etc. posten?&#8221; style=&#8221;arrow&#8221;]Ja nat\u00fcrlich! \u00a0Aber bitte schreibt dazu, wer&#8217;s gemacht hat, dar\u00fcber w\u00fcrden wir uns freuen :-)[\/vc_toggle][vc_toggle title=&#8221;Was kostet ein Fotoshooting bei euch eigentlich?&#8221; style=&#8221;arrow&#8221;]Einige Pakete findest du unter Infos. F\u00fcr weitere Preise einfach ganz unverbindlich eine Mail an <a href=\"mailto:kontakt@mdot.at\">kontakt@mdot.at<\/a> schreiben oder unter 07743 \/ 27 298 anrufen![\/vc_toggle][vc_toggle title=&#8221;Ich habe weitere Fragen!&#8221; style=&#8221;arrow&#8221;]Gerne, melde dich bitte einfach unter 07743 \/ 27 298 oder <a href=\"mailto:kontakt@mdot.at\">kontakt@mdot.at<\/a>![\/vc_toggle][\/vc_column][\/vc_row]<\/p>\n","protected":false},"excerpt":{"rendered":"<p>[vc_row][vc_column][vc_custom_heading text=&#8221;Fragen?&#8221; font_container=&#8221;tag:h2|text_align:center&#8221; use_theme_fonts=&#8221;yes&#8221; decor_line=&#8221;on&#8221;][\/vc_column][\/vc_row][vc_row][vc_column][vc_hoverbox image=&#8221;2434&#8243; primary_title=&#8221;Du darfst! \u00bb&#8221; hover_title=&#8221;Bei uns w\u00e4hlst du aus.&#8221; hover_background_color=&#8221;custom&#8221; hover_custom_background=&#8221;#eaeaea&#8221;]Dir gefallen vielleicht andere Fotos besser als uns &#8211; deshalb w\u00e4hlst bei uns du deine Fotos aus.[\/vc_hoverbox][vc_separator][\/vc_column][\/vc_row][vc_row][vc_column][vc_toggle title=&#8221;Warum soll ich zum Fotografen gehen?&#8221; style=&#8221;arrow&#8221;]Mein Nachbar hat auch eine Spiegelreflexkamera und fotografiert gerne. Wieso soll ich zum Fotografen gehen? Weil du [&hellip;]<\/p>\n","protected":false},"author":2,"featured_media":0,"parent":0,"menu_order":0,"comment_status":"closed","ping_status":"closed","template":"template-landing.php","meta":{"_acf_changed":false,"footnotes":"","_links_to":"","_links_to_target":""},"class_list":["post-966","page","type-page","status-publish","hentry"],"acf":[],"_links":{"self":[{"href":"https:\/\/mediadot.at\/studio\/wp-json\/wp\/v2\/pages\/966","targetHints":{"allow":["GET"]}}],"collection":[{"href":"https:\/\/mediadot.at\/studio\/wp-json\/wp\/v2\/pages"}],"about":[{"href":"https:\/\/mediadot.at\/studio\/wp-json\/wp\/v2\/types\/page"}],"author":[{"embeddable":true,"href":"https:\/\/mediadot.at\/studio\/wp-json\/wp\/v2\/users\/2"}],"replies":[{"embeddable":true,"href":"https:\/\/mediadot.at\/studio\/wp-json\/wp\/v2\/comments?post=966"}],"version-history":[{"count":9,"href":"https:\/\/mediadot.at\/studio\/wp-json\/wp\/v2\/pages\/966\/revisions"}],"predecessor-version":[{"id":3434,"href":"https:\/\/mediadot.at\/studio\/wp-json\/wp\/v2\/pages\/966\/revisions\/3434"}],"wp:attachment":[{"href":"https:\/\/mediadot.at\/studio\/wp-json\/wp\/v2\/media?parent=966"}],"curies":[{"name":"wp","href":"https:\/\/api.w.org\/{rel}","templated":true}]}}

<p>[vc_row][vc_column][vc_custom_heading text=&#8221;Fragen?&#8221; font_container=&#8221;tag:h2|text_align:center&#8221; use_theme_fonts=&#8221;yes&#8221; decor_line=&#8221;on&#8221;][/vc_column][/vc_row][vc_row][vc_column][vc_hoverbox image=&#8221;2434&#8243; primary_title=&#8221;Du darfst! »&#8221; hover_title=&#8221;Bei uns wählst du aus.&#8221; hover_background_color=&#8221;custom&#8221; hover_custom_background=&#8221;#eaeaea&#8221;]Dir gefallen vielleicht andere Fotos besser als uns &#8211; deshalb wählst bei uns du deine Fotos aus.[/vc_hoverbox][vc_separator][/vc_column][/vc_row][vc_row][vc_column][vc_toggle title=&#8221;Warum soll ich zum Fotografen gehen?&#8221; style=&#8221;arrow&#8221;]Mein Nachbar hat auch eine Spiegelreflexkamera und fotografiert gerne. Wieso soll ich zum Fotografen gehen?</p>
<p>Weil du bei uns an über 10 Jahren Erfahrung profitierst. Egal ob das richtige Licht, Tipps zur Haltung, neue Ideen oder &#8220;nur&#8221; der richtige Winkel.[/vc_toggle][vc_toggle title=&#8221;Wie wähle ich einen Fotografen aus?&#8221; style=&#8221;arrow&#8221;]Zuerst einmal sollte man sich wohlfühlen, Vertrauen haben. Dann sollte einem der Stil des Fotografen gefallen. Hier versuchen wir immer, nicht &#8220;unseren&#8221; Stil durchzusetzen, sondern auf eure Wünsche einzugehen, man merkt recht schnell was einem gefällt, und was nicht. Und natürlich ist oft auch der Preis entscheidend. Als kleiner Tipp: für mehr Geld bekommt man meist auch mehr (z.B. Erfahrung).[/vc_toggle][vc_toggle title=&#8221;Was macht euch als Fotograf aus?&#8221; style=&#8221;arrow&#8221;]Wir versuchen Emotionen einzufangen. Nicht gekünstelt Spaghetti sagen, sondern an etwas Lustiges denken und dadurch wirklich lachen. Nicht &#8220;stellt euch so und so hin&#8221;, sondern flüster ihr ein Geheimnis ins Ohr. Nicht die Kinder schimpfen &#8220;jetzt steht mal still&#8221;, sondern sie spielen lassen. Dadurch entstehen IMMER bessere Fotos als anders.[/vc_toggle][vc_toggle title=&#8221;Wer fotografiert bei euch?&#8221; style=&#8221;arrow&#8221;]Bei uns fotografieren Andrea, Sabine, Magdalena und Martin. Auf Wunsch kann man sich natürlich einen Fotografen auswählen, wenn dieser zum gewünschten Zeitpunkt verfügbar ist.[/vc_toggle][vc_toggle title=&#8221;Wo fotografiert ihr?&#8221; style=&#8221;arrow&#8221;]Weltweit, wir lieben es zu reisen 🙂 Nein, im Ernst &#8211; wo ihr wollt. Je nach Wegstrecke fallen natürlich Fahrtkosten an.[/vc_toggle][vc_toggle title=&#8221;Habt ihr Locations, wo ihr fotografiert?&#8221; style=&#8221;arrow&#8221;]Ja natürlich &#8211; Schlösser, Seen, Wege, Industriehallen&#8230; vorwiegend im Bezirk Braunau. ABER: Meistens wählen wir mit euch gemeinsam eine &#8220;neue&#8221; Location aus, denn mit Bezug zum Ort lebt das Foto noch mehr.[/vc_toggle][vc_toggle title=&#8221;Womit fotografiert ihr?&#8221; style=&#8221;arrow&#8221;]Meistens mit Nikon Kameras, immer öfter ist aber auch Fuji und Sony im Einsatz. Vorwiegend verwenden wir die Z6, die a7iii, die X-T3, unsere noch immer geliebte D750, D810 und auch die Z7 mit den Nikon-Objektiven 24-70/2,8, 70-200/2,8, 85/1,4, 35/1,4, 50/1,2&#8230; und das 14-24/2,8.[/vc_toggle][vc_toggle title=&#8221;Was passiert, wenn die Kamera kaputt geht?&#8221; style=&#8221;arrow&#8221;]Kein Problem &#8211; wir haben immer eine Ersatzkamera mit dabei.[/vc_toggle][vc_toggle title=&#8221;Und was bei schlechtem Wetter oder Krankheit?&#8221; style=&#8221;arrow&#8221;]Wenn jemand von uns krank wird, übernimmt entweder ein anderer Mitarbeiter oder wir fragen ob für euch ein anderer Termin ok ist. Wenn ihr krank werdet oder das Wetter gar nicht mitspielt, sagen wir den Termin einfach ab und suchen einen neuen.[/vc_toggle][vc_toggle title=&#8221;Was ist, wenn das Shooting trotz schlechtem Wetter sein muss?&#8221; style=&#8221;arrow&#8221;]Auch das ist meist kein Problem. Man kann z.B. mit Regenschirm, Gummistiefeln &amp; Co schöne Fotos machen. Oder hat einen Dachvorsprung zur Verfügung. Oder eine Stiege im Innenraum.[/vc_toggle][vc_toggle title=&#8221;Wann ist die optimale Zeit zum Fotografieren?&#8221; style=&#8221;arrow&#8221;]In der früh oder abends. Optimal bei leicht bewölktem Himmel. Am schönsten sind Fotos bei Sonnenauf- oder untergang, welche Jahreszeit ist dabei eher egal.[/vc_toggle][vc_toggle title=&#8221;Wann sollte man Babybauch / Newbornfotos machen?&#8221; style=&#8221;arrow&#8221;]Babybauchfotos sind ca. ab dem 7. Monat optimal, sollten aber auch nicht zu spät sein, da hier der Bauch oft nicht mehr so rund ist. Für Newbornshootings empfehlen sich die ersten zwei Wochen nach der Geburt.[/vc_toggle][vc_toggle title=&#8221;Was soll ich anziehen?&#8221; style=&#8221;arrow&#8221;]Was dir gefällt. Generell gilt: Entweder einheitlich oder alle verschieden, knallige Farben sollte man aber vermeiden. Wenn z.B. drei Leute Jeans und Hemd tragen, einer Anzug und der Fünfte einen Khaki-Pullover, sieht das nicht so toll aus 🙂 Wichtig: Keine Logos, die lenken ab. Noch ein Tipp: Handy nicht in die Hosentasche, diese beult oft aus.[/vc_toggle][vc_toggle title=&#8221;Ist bei Babybauch / Boudoirshootings auf etwas zu achten?&#8221; style=&#8221;arrow&#8221;]Ja, ganz wichtig: Einige Stunden vor dem Shooting keine engen Hosen etc. tragen, da diese Druckstellen verursachen.[/vc_toggle][vc_toggle title=&#8221;Wann bekomme ich meine Fotos?&#8221; style=&#8221;arrow&#8221;]Die unbearbeiteten in der Regel einen Tag nach dem Shooting. Die bearbeiteten erhaltet ihr je nach Auftragslage innerhalb von einigen Wochen.[/vc_toggle][vc_toggle title=&#8221;Kann ich auch Abzüge / Fotobücher etc. haben?&#8221; style=&#8221;arrow&#8221;]Ja sicher, neben klassischen Fotoabzügen auf Matt, Pearl oder Metallic bieten wir auch Leinwände, Fotos auf Alu, Holz und Stein, hinter Glas kaschiert, auf Fine-Art Papier etc. an. Weiters haben wir über 500 Holzrahmen lagernd, Fotobücher sind natürlich auch möglich.[/vc_toggle][vc_toggle title=&#8221;Darf ich meine Fotos auch auf facebook etc. posten?&#8221; style=&#8221;arrow&#8221;]Ja natürlich!  Aber bitte schreibt dazu, wer&#8217;s gemacht hat, darüber würden wir uns freuen :-)[/vc_toggle][vc_toggle title=&#8221;Was kostet ein Fotoshooting bei euch eigentlich?&#8221; style=&#8221;arrow&#8221;]Einige Pakete findest du unter Infos. Für weitere Preise einfach ganz unverbindlich eine Mail an <a href="mailto:kontakt@mdot.at">kontakt@mdot.at</a> schreiben oder unter 07743 / 27 298 anrufen![/vc_toggle][vc_toggle title=&#8221;Ich habe weitere Fragen!&#8221; style=&#8221;arrow&#8221;]Gerne, melde dich bitte einfach unter 07743 / 27 298 oder <a href="mailto:kontakt@mdot.at">kontakt@mdot.at</a>![/vc_toggle][/vc_column][/vc_row]</p>

<p>[vc_row][vc_column][vc_custom_heading text=&#8221;Fragen?&#8221; font_container=&#8221;tag:h2|text_align:center&#8221; use_theme_fonts=&#8221;yes&#8221; decor_line=&#8221;on&#8221;][/vc_column][/vc_row][vc_row][vc_column][vc_hoverbox image=&#8221;2434&#8243; primary_title=&#8221;Du darfst! »&#8221; hover_title=&#8221;Bei uns wählst du aus.&#8221; hover_background_color=&#8221;custom&#8221; hover_custom_background=&#8221;#eaeaea&#8221;]Dir gefallen vielleicht andere Fotos besser als uns &#8211; deshalb wählst bei uns du deine Fotos aus.[/vc_hoverbox][vc_separator][/vc_column][/vc_row][vc_row][vc_column][vc_toggle title=&#8221;Warum soll ich zum Fotografen gehen?&#8221; style=&#8221;arrow&#8221;]Mein Nachbar hat auch eine Spiegelreflexkamera und fotografiert gerne. Wieso soll ich zum Fotografen gehen? Weil du [&hellip;]</p>
